
7
Calculate -6 - (4 - ((-8 - -4) + 7)).
-7
What is 9 - ((0 - -1) + (-63 - -68))?
3
Calculate (-9 + 15 - 13) + 5 + -2.
-4
-40 - -44 - (0 - -5)
-1
Evaluate -6 - (-9 - (-10 + 6)) - 1.
-2
0 + 1 + (-4 - 3) + 7
1
What is -4 + -3 + -4 + 9?
-2
What is (-5 - (3 + 1 + -9)) + 3?
3
Calculate (-3 - 1) + (-11 - -19).
4
Evaluate 8 + (-19 - -11 - -3).
3
-7 + 9 - (2 + -1)
1
Evaluate (4 - 3) + 4 + -2 + 1.
4
What is the value of -8 + 2 + 1 + (19 - 18)?
-4
Calculate 2 - (3 + -4 + 0).
3
Evaluate 1 - -4 - (17 + 1 + -8).
-5
What is the value of -1 - (-1 - -1) - (-9 - -8)?
0
Calculate 15 + -20 + 14 + -5.
4
What is (-7 - (-3 + 3)) + 7?
0
2 + (0 - 2) + 10 + -11
-1
What is the value of 5 - (-5 + (5 - 5)) - 4?
6
2 + 3 + (-1 - 1) + -2
1
What is the value of 1 + 1 - (0 + -1 - -7)?
-4
What is the value of 9 - (6 + -6 - -9)?
0
-10 + 10 - 12 - -6
-6
Calculate -5 - (-5 + (-5 - -2)).
3
Evaluate -2 - (1 - -3) - (-19 + 13).
0
0 + 4 - (-3 - (7 + -11))
3
What is -52 + 50 - (2 - (7 - -2))?
5
What is 6 - (27 - 11) - -15?
5
Evaluate (-2 - 3) + (32 - 27).
0
What is the value of -17 + (16 - (10 + -3))?
-8
Calculate -7 + 3 - (-9 + 2) - 7.
-4
Calculate 1 + -3 - (-4 - (-7 - 1)).
-6
-2 + 3 + -4 + 4 - 4
-3
-3 + 1 - (-1 - 6)
5
5 + (-6 - -2 - (3 - 5))
3
1 - (0 + -4 + -1 + 7)
-1
Evaluate 1 + 4 + -4 + 2.
3
What is the value of (4 - 1) + 3 + (2 - 5)?
3
Calculate 5 - 2 - 3 - -5.
5
Evaluate (-3 - -3) + -3 - 1.
-4
What is the value of 2 + (9 - 4) + -7?
0
6 + (-6 - -3) + 4 + -1
6
Calculate (-2 + 4 - -2) + -1.
3
Calculate -3 - (5 + (-3 + 3 - 4)).
-4
What is 2 - 0 - (5 + -7 - 0)?
4
Evaluate (3 - 5) + -3 + 0 + -1.
-6
-6 + (1 - (-2 + -2))
-1
Evaluate 1 + (-1 - -4) + -3.
1
Evaluate (1 - -9 - 6) + -2.
2
Evaluate 30 + -29 - (-1 - -1 - -3).
-2
What is the value of -13 + 6 + 5 + 3?
1
What is the value of 6 - 2 - (15 + -3) - -3?
-5
Evaluate 4 + (2 - 2 - 2) + -6.
-4
Calculate (-3 - -4) + (-7 - 8) + 9.
-5
What is 9 + (-7 - -14 - 22)?
-6
27 + -23 - (-1 - (1 + -4))
2
-60 + 66 - (-3 - -2)
7
What is -5 + 6 + -7 + 5 + -2?
-3
Evaluate 1 - ((-1 - -6) + -6).
2
What is -9 + -2 + 4 - -4?
-3
What is (3 - (3 + 1)) + -3?
-4
What is the value of (0 - -1) + 2 + -8?
-5
What is the value of 0 - (2 - (10 - 2))?
6
Calculate (8 - (-2 + 6)) + 0.
4
What is the value of 2 - 5 - 1 - (-8 - -4)?
0
-12 + (10 + -3 - 0)
-5
What is 2 + (-12 - (-1 + -2))?
-7
-12 + 1 - (-19 - -13)
-5
Evaluate 4 + (-1 - 2) - 0.
1
What is the value of (-2 - (-7 + 9)) + -1?
-5
Calculate -17 + 3 + 0 - (-35 - -29).
-8
Calculate 1 - (0 + 0 + (21 - 17)).
-3
What is (-1 + -1 - -6) + -4?
0
Calculate 0 + 4 + -9 + (3 - 0).
-2
What is (2 - 0) + 2 + -3?
1
Evaluate 1 + -8 + 2 + (-46 - -49).
-2
What is -66 - -60 - (-9 + 0)?
3
What is the value of (3 - (-1 - -1)) + 2 + 0?
5
What is the value of (-11 - -3 - -3) + (-14 - -15)?
-4
What is the value of -11 + 6 + 2 + 2 + 5?
4
Calculate -1 + (0 - (-8 - -4)).
3
Calculate (1 - 5) + 4 + (-6 - -7).
1
Evaluate (1 - -1) + (-37 - -36).
1
Evaluate 17 - (7 - (2 + -6)).
6
What is 4 + (-2 - (1 - -4 - 1))?
-2
What is -9 + (9 + -2 + -5 - -1)?
-6
What is 4 + -3 - (-3 + 9 + -4)?
-1
1 + 0 - (33 - 38)
6
What is the value of 9 + 1 + -10 + (0 - -3)?
3
5 + -2 + 1 + 1
5
What is the value of 17 - 7 - (3 + 0 - -2)?
5
What is the value of 0 - 1 - (3 + -7 + 2)?
1
What is the value of (-3 - 0) + 1 + 3?
1
What is -2 - (-7 - (5 + -9))?
1
What is the value of 0 + 0 + (2 - -3) + -2?
3
Evaluate -7 - (-8 - (-1 + -3)).
-3
What is -1 + 1 - (11 - (-5 - -9))?
-7
Evaluate -4 + (-3 - 1) + 0 + 9.
1
What is the value of (2 - -1) + -2 + (-15 - -15)?
1
What is (1 - -2) + -19 + 22 - 2?
4
-6 - (-2 + 4) - -4 - -8
4
What is the value of 4 + 1 + -8 + 8 + -3?
2
What is the value of (-1 - (-2 - -1)) + 1 + -1?
0
(-2 - 4) + (-36 - -40)
-2
Evaluate -2 + 6 - (-3 - (-2 + -8)).
-3
Evaluate -11 + 2 + (0 - -1) - -4.
-4
Calculate -3 - (-5 + -3) - 3.
2
Calculate -1 - (-5 + 15 + 3 + -7).
-7
Calculate 1 + (1 - 5) + -1.
-4
What is the value of 1 + 0 + -7 + 5 + -1?
-2
2 + (5 - 15) - -5
-3
Calculate -2 + 0 - (-4 + 4).
-2
What is the value of 0 - (-10 + (3 - 0)) - 3?
4
What is -1 + (-2 - -1) - -5 - 1?
2
Evaluate -1 + -1 + (25 + -18 - 6).
-1
Evaluate -2 - -3 - (-2 - -3).
0
Evaluate -1 + 6 + -10 + -2.
-7
6 - (-6 + (-5 - -12))
5
What is -6 + -3 + 4 + 5?
0
Calculate -2 - ((0 - 4) + -2).
4
What is 3 - (0 + 0 + (3 - 1))?
1
Evaluate (-5 - (-10 + 3)) + 1 - 13.
-10
(-83 - -96) + 1 + -20
-6
Calculate (1 - -3) + -21 + 19.
2
-3 - (-4 - (2 + -2)) - 3
-2
Evaluate 3 - -1 - (-6 - (-2 + -13)).
-5
Calculate (-6 - 2) + (3 - (2 - 2)).
-5
Calculate 4 + 2 + (-8 - (3 + -1)).
-4
What is the value of 4 + -8 - (-25 - -18)?
3
What is the value of 439 - 441 - (2 - (0 + 1))?
-3
-2 + -2 + (8 - 3) + 3
4
Evaluate 1 + 2 + 0 + 3.
6
What is the value of -3 + 0 - (1 - -4)?
-8
What is (10 - (8 + -7)) + -11?
-2
What is -9 + 4 - (3 + 3 + -9)?
-2
What is the value of -1 + (-2 - (-2 - -1)) - 2?
-4
Calculate 10 + (-8 - 10) - (0 - 0).
-8
What is -15 + (7 + 7 - 10)?
-11
What is -1 + (8 - 12) + 3?
-2
-10 - (-8 + 9 + -9)
-2
Calculate 2 - 4 - -5 - 6.
-3
Evaluate (31 - 18) + (6 - 16).
3
What is the value of -2 - (2 + 0 + -2 + -2)?
0
-2 + (3 - -5 - 4)
2
What is the value of (-11 + 3 - -4) + (7 - 1)?
2
Calculate 6 + 5 + (4 - 10).
5
What is 29 + -48 - (-14 + 3)?
-8
1 - 0 - (3 + -2)
0
What is 4 + -1 + 2 + -3 - 7?
-5
What is the value of (6 - (7 - -3)) + 3?
-1
Calculate 4 - ((1 + 0 - 4) + 9).
-2
What is the value of (-8 - -6) + -2 + 8?
4
Calculate 5 - (1 + -2 + 11).
-5
-6 + 3 + 4 + -5
-4
Evaluate (4 - -2) + (5 - (7 - -1)).
3
What is the value of (2 - 1) + 10 + -12?
-1
Evaluate -9 + 11 + (2 - -1).
5
What is the value of (0 - 6) + 8 + -2?
0
What is the value of -16 + (2 + -2 - -10)?
-6
Calculate 11 - 1 - (-50 - -62).
-2
What is the value of (0 - 6) + (-17 - -26) + 6?
9
Calculate 1 - -5 - (2 - -2).
2
What is -1 + 1 + 3 + (-7 - -4)?
0
What is the value of 0 + (0 - ((3 - 0) + 0))?
-3
What is the value of 1 + -3 + (0 - 0) - 2?
-4
Calculate 5 + (-4 + 3 - 4) + 5.
5
Calculate 7 + ((-1 - -1) + -4 - -1).
4
What is -1 + 4 - (-20 + 21)?
2
7 + 9 + -1 + -9
6
-3 - (-7 + 9 - -2)
-7
(-2 - -1) + (3 - 2) + -5
-5
Evaluate (6 - 5 - 3) + -3.
-5
Evaluate -2 + 1 - -9 - (-86 - -87).
7
Calculate -3 - 3 - (-3 - -6) - -4.
-5
Calculate -1 - 1 - (18 - 3 - 18).
1
Evaluate 1 + -3 + 0 + 0.
-2
5 - 5 - ((-2 - -3) + -2)
1
-4 - (-6 - (-6 + -1))
-5
What is (2 - ((0 - -2) + 2)) + 6?
4
-6 + 5 + -3 - -5
1
Calculate 3 - (0 + 4 + 2 + 4).
-7
(6 - (-2 + 11)) + 5
2
Calculate (0 - 2) + (6 - 9) + 2.
-3
Calculate -11 - (-13 + -5) - 2.
5
What is the value of (-8 - 1 - -10) + 4?
5
-21 - -18 - (-4 - 1)
2
(-4 - 5 - 1) + (9 - 1)
-2
-2 - (-6 + (15 - 6))
-5
4 + (5 - 6) + -10
-7
Evaluate 0 + (-8 - (-1 + 3 + -6)).
-4
(-1 - 1 - -2) + (-2 - -1)
-1
Calculate 4 + -4 + -4 - (2 + -10).
4
Calculate (-7 - (-4 + 0)) + -1.
-4
What is the value of 4 - (1 - (-12 - -8))?
-1
4 - (8 + -1 + -2)
-1
What is 6 + (-4 - (4 + -4) - -1)?
3
What is 12 - 4 - 6 - (1 - -2)?
-1
Evaluate (-10 - -5) + -2 + 3.
-4
What is the value of 1 + (5 - 2) - 3?
1
Evaluate 0 + -10 + 2 + 24 + -12.
4
Calculate 3 + -4 + 1 + -7 - -3.
-4
Evaluate (7 - 4) + 0 + -2.
1
-5 - (2 + -3 - 0) - 0
-4
Calculate 2 + -5 - (2 + -1).
-4
What is -1 - ((2 - 0) + -7 + 1)?
3
What is the value of -7 - (-21 - -21) - (-12 - 0)?
5
What is the value of (0 - 5) + (10 + -13 - -3)?
-5
What is the value of -1 + (-1 - (0 + 1 + 1))?
-4
Calculate (-9 - -5) + 2 + 5 + -1.
2
What is the value of -11 + 5 - -2 - (-10 - -10)?
-4
What is 4 + 1 + -3 + 0?
2
What is 2 + -2 + -9 + 7?
-2
What is 4 - (3 - 9 - -3)?
7
0 + -2 + -10 + 5 + 1
-6
Calculate -6 + 7 + (1 - -1).
3
What is the value of 8 + -6 + 6 - 7?
1
Calculate 1 + (3 - 4) + -3.
-3
Calculate -4 - (2 + (3 - 6)).
-3
What is the value of -2 + (1 - 0 - (1 - 4))?
2
What is -5 - 1 - (47 + -52)?
-1
Calculate 5 - (-6 + 19) - -3.
-5
What is the value of 2 + -4 + (-10 - -21 - 13)?
-4
Evaluate -14 + (-12 - -23) - (4 - 3).
-4
What is the value of (13 - 11) + 2 + 2 + -11?
-5
What is (-1 - (0 - -2 - 1)) + 1?
-1
1 - 2 - -2 - (-5 + 4)
2
What is the value of 2 + (5 - 3 - 3)?
1
Evaluate 7 + -16 + -1 + 7.
-3
What is (-6 - (5 + -18)) + -7?
0
Evaluate 9 - (-9 - (2 - 7)) - 7.
6
Evaluate 10 + (-3 - 2) + (2 - 3).
4
Evaluate 6 + -6 + -2 + 9.
7
Evaluate 2 + (-7 - (-3 - -1)) + 5.
2
What is 6 + (2 - 18) + 5 + -1?
-6
What is 1 + 10 + -22 + 13?
2
What is -2 - 11